0112
In base 2, what is -1001000001101010001010011100 - 0?
-1001000001101010001010011100
In base 9, what is 6 - -37200814?
37200821
In base 9, what is 6158 + 83312?
100471
In base 14, what is -cc034c2b + -4?
-cc034c31
In base 14, what is -13bb - 7795?
-8b72
In base 12, what is -16855 + 36?
-1681b
In base 11, what is 141 + -142392?
-142251
In base 9, what is 1 + -7707234?
-7707233
In base 5, what is -2244042 + -104014?
-2403111
In base 12, what is 346a3 + 1133?
35816
In base 11, what is -10a181 - 83?
-10a254
In base 13, what is -448 + 2696?
224b
In base 12, what is 68003 + -2b8?
67907
In base 8, what is -27475 - 100477?
-130174
In base 13, what is -5b - -125672?
125614
In base 16, what is -11eabb + -d?
-11eac8
In base 11, what is 86 - -702936?
702a11
In base 8, what is 1 + -10257750?
-10257747
In base 14, what is a - -161a78?
161a84
In base 8, what is 311 - -212576?
213107
In base 11, what is -5 + 3232731?
3232727
In base 8, what is -542 + -12671?
-13433
In base 13, what is 2 + -782271?
-78226c
In base 13, what is 217a + -16062?
-13bb5
In base 7, what is 11602011 - -1?
11602012
In base 11, what is 4 + 729995?
729999
In base 9, what is -12337 - 518?
-12856
In base 9, what is -6 + -280006?
-280013
In base 5, what is 3241 - -12402421?
12411212
In base 11, what is -328 + -407a5?
-41022
In base 16, what is b + 4ec1c?
4ec27
In base 7, what is 65305042 - -114?
65305156
In base 3, what is 21 - -10120021101220?
10120021102011
In base 6, what is 330053551 - -134?
330054125
In base 6, what is -313222 + 205?
-313013
In base 8, what is 13250 - 70330?
-55060
In base 15, what is -c - -224554?
224547
In base 4, what is 1101103101 + 3?
1101103110
In base 8, what is -2 - -1455146672?
1455146670
In base 5, what is 323111043023 + 1?
323111043024
In base 14, what is 444d0ac - 2?
444d0aa
In base 4, what is -10322233321 + -3323?
-10322303310
In base 6, what is 32403040 + 3?
32403043
In base 16, what is -105 + 803c?
7f37
In base 14, what is -82d64b - -1d?
-82d62c
In base 9, what is -46714246 + 11?
-46714235
In base 9, what is 31334212 - 14?
31334187
In base 11, what is -710a8aa + -1?
-710a900
In base 16, what is 354b55a + 2?
354b55c
In base 4, what is -11130003021 + -2?
-11130003023
In base 2, what is 11111001001000100110110 - -101?
11111001001000100111011
In base 2, what is -1100011 - -101110100000001101010?
101110100000000000111
In base 3, what is 1001100112 - -20000?
1001120112
In base 8, what is 6651 + 2241?
11112
In base 6, what is 1 + 300010102?
300010103
In base 8, what is -1311 - -3211?
1700
In base 3, what is -1212122200201211 - 100?
-1212122200202011
In base 2, what is 1 + -1000100111110101011100010011?
-1000100111110101011100010010
In base 16, what is 27 - b86f6?
-b86cf
In base 3, what is -12000101 + 2121122?
-2101202
In base 7, what is 406063 - 526?
405234
In base 12, what is -202 + 1171?
b6b
In base 10, what is -54 + -384481?
-384535
In base 8, what is 267 + -1560054?
-1557565
In base 10, what is -13209 + -48521?
-61730
In base 14, what is 37845 - 1d?
37826
In base 11, what is -1899 + 40869?
39a80
In base 12, what is 4 - -476a707?
476a70b
In base 10, what is 21655 - -6976?
28631
In base 2, what is 11 - 10001111000110000011011?
-10001111000110000011000
In base 12, what is -16 - 4aba30?
-4aba46
In base 8, what is 5 + 1071560?
1071565
In base 8, what is 24100457 + -13?
24100444
In base 12, what is -3862a8 - 0?
-3862a8
In base 2, what is -100 + 10010010010111001011011?
10010010010111001010111
In base 6, what is 1110324523 + -3?
1110324520
In base 11, what is 1a0693 + -4a?
1a0644
In base 16, what is b + -d214?
-d209
In base 3, what is 21021212101 + -211102?
21021000222
In base 2, what is -1100000 - 100111011010000011010010?
-100111011010000100110010
In base 10, what is -12209725 + -4?
-12209729
In base 12, what is 25a202 - a?
25a1b4
In base 14, what is 943dc72 + -1?
943dc71
In base 6, what is -42305 + 4?
-42301
In base 16, what is 5474 - -16?
548a
In base 12, what is -6 + -3395843?
-3395849
In base 5, what is 3 + -302043200?
-302043142
In base 16, what is -ee + -35ba?
-36a8
In base 15, what is 9d0e39 - -3?
9d0e3c
In base 4, what is -2003233210 + 3130?
-2003230020
In base 16, what is -d761 - -10d?
-d654
In base 13, what is -3958 - -58b5?
1c5a
In base 15, what is -599 - 204e0?
-20a89
In base 12, what is -20948a20 - -3?
-20948a19
In base 15, what is ab18d9 - -29?
ab1913
In base 5, what is -1040331 + 42342?
-442434
In base 3, what is 0 - 10211112101011?
-10211112101011
In base 13, what is -63b0 + 13b?
-6272
In base 2, what is 11111001011110101000 + -110110011?
11111001010111110101
In base 6, what is 1302415 + 31?
1302450
In base 6, what is -333230223 - 24?
-333230251
In base 10, what is -3 + -172199603?
-172199606
In base 8, what is -65765244 - -2?
-65765242
In base 13, what is 3 - -433885?
433888
In base 6, what is -144 - -2032515?
2032331
In base 13, what is 153 + -39a656?
-39a503
In base 2, what is -10110001100010 + 11110010010?
-10010011010000
In base 5, what is 0 + -33404432122?
-33404432122
In base 13, what is 0 + -197416c?
-197416c
In base 15, what is -2eb650 - 1e2?
-2eb842
In base 13, what is -54485b88 - -3?
-54485b85
In base 11, what is -9841 + 27812?
18a81
In base 2, what is -1101011010100011 - 1010001000100?
-1110101011100111
In base 6, what is -141311 + -1532?
-143243
In base 2, what is 110011 + 100000010001101000100?
100000010001101110111
In base 3, what is 21 + -10201222112?
-10201222021
In base 8, what is 3110374 - -3?
3110377
In base 10, what is 3208697 - -2?
3208699
In base 16, what is 16d + -3c4b?
-3ade
In base 3, what is 102100012020220211 - 2?
102100012020220202
In base 6, what is 211032 + 31?
211103
In base 12, what is -36484 - -718?
-35968
In base 9, what is 1216184 - -20?
1216214
In base 8, what is -2560 + 176224?
173444
In base 6, what is 35 + -13534101?
-13534022
In base 8, what is 21710 - 1110?
20600
In base 2, what is 10 - -100001000011010101000100?
100001000011010101000110
In base 12, what is 6549 - 3a53?
26b6
In base 13, what is 24 - 49c242?
-49c21b
In base 16, what is -22 - 49f1d0?
-49f1f2
In base 5, what is -3222313 - 1042?
-3223410
In base 15, what is 134 - 2b9c?
-2a68
In base 14, what is -346 - 11537?
-1187d
In base 6, what is -1 + -204104541?
-204104542
In base 7, what is 0 - 3420403611?
-3420403611
In base 5, what is -41314430022 - 2?
-41314430024
In base 5, what is 101 + 1134043404?
1134044010
In base 13, what is 27c8b45 + 2?
27c8b47
In base 13, what is -3 + 23ac753?
23ac750
In base 6, what is 0 - 421210303?
-421210303
In base 10, what is -218876 + 132?
-218744
In base 4, what is -23232 - 1200120?
-1230012
In base 13, what is 2 + 104ab90?
104ab92
In base 14, what is 4 + -1755847?
-1755843
In base 5, what is -2043141232 + 11?
-2043141221
In base 16, what is -2f1c8d + -4?
-2f1c91
In base 5, what is 1022443 + 1420?
1024413
In base 14, what is -4 - 14d0949?
-14d094d
In base 10, what is 2 + 23594559?
23594561
In base 5, what is -1441213233020 - 2?
-1441213233022
In base 16, what is 17cc265 + -3?
17cc262
In base 16, what is -2b270a + 4b?
-2b26bf
In base 6, what is 1 + -23242023124?
-23242023123
In base 4, what is 13100320311 + -22122?
13100232123
In base 3, what is 100 - 10220012001020?
-10220012000220
In base 14, what is 16b0 + 412?
1ac2
In base 6, what is 324201 + 330?
324531
In base 11, what is 1 + 1a35145?
1a35146
In base 4, what is -20 - 11103101121?
-11103101201
In base 14, what is -5 - -61cb0d?
61cb08
In base 5, what is -1441 + 323332043?
323330102
In base 3, what is 11020002221 - 2212?
11020000002
In base 10, what is -13045 - 1103?
-14148
In base 2, what is 11101111010101011000 - 0?
11101111010101011000
In base 5, what is -31124 - 111?
-31240
In base 11, what is -7942 + -866?
-86a8
In base 14, what is 755b + -60b?
6d50
In base 8, what is -2225610 + 1021?
-2224567
In base 3, what is -2211 - 10010201021?
-10010211002
In base 11, what is 2 - 28936205?
-28936203
In base 9, what is 46838703 - 3?
46838700
In base 15, what is -18 + -790c5?
-790dd
In base 12, what is -a47 + 59b?
-468
In base 16, what is -31f3 - 68b0?
-9aa3
In base 6, what is 10112054304 + -3?
10112054301
In base 3, what is -22201121101211022 - -10?
-22201121101211012
In base 2, what is 1010011001 - -10111100110001000?
10111110000100001
In base 8, what is -5 - -52